 = -22*b + 23*b. Let g = -5 - b. Let u = g + -187. What are the prime factors of u?
173
Let g(x) = -1599*x - 2393. List the prime factors of g(-10).
13597
Let m(d) = d**2 - 14*d + 1869. What are the prime factors of m(43)?
2, 19, 41
Let u(z) = -z**3 - z**2 + z - 2. Let d(v) = -3*v**3 - 9*v**2 - 7*v - 16. Let y(w) = d(w) - 2*u(w). Let a be ((-3)/4)/(3/24). List the prime factors of y(a).
2, 3
Let f(z) = 670*z + 380. What are the prime factors of f(10)?
2, 3, 5, 59
Suppose -41*o + 29*o = -59364. List the prime factors of o.
3, 17, 97
Let p(g) be the third derivative of 23*g**5/60 + 11*g**4/24 + 7*g**3/6 - 2*g**2 + 41*g. What are the prime factors of p(-7)?
7, 151
Suppose -416425 - 196295 = 18*p. What are the prime factors of (2/(-4) - 1)/(37/p)?
2, 3, 5, 23
Suppose 0 = -0*f - 2*f + 8. Let x(y) = 124*y**2 + 17*y. Let t be x(1). Suppose f*c - t = 55. What are the prime factors of c?
7
Let k(n) = -86*n + 33. Let s(t) = 29*t - 11. Let a(i) = -2*k(i) - 7*s(i). List the prime factors of a(-10).
3, 107
Let d = -373 - -373. Suppose 3*y - 2889 = -3*g, d = 3*g - g - 4*y - 1920. List the prime factors of g.
2, 13, 37
Suppose -165*m - 134 = -167*m. Suppose m = -2*a + 235. What are the prime factors of a?
2, 3, 7
Suppose 40167 + 17495 = 3*t + 4*s, 2*t - 38436 = -2*s. What are the prime factors of t?
2, 5, 17, 113
Let x = -8273 - -12672. List the prime factors of x.
53, 83
Let r = 564 + -1698. Let i = -296 - r. What are the prime factors of i?
2, 419
Suppose 5*i - 10*s + 12*s = 69929, 0 = -i - 2*s + 13989. List the prime factors of i.
5, 2797
Suppose -8*m - 66 = 3*m. What are the prime factors of 1041/m*-7 - (-16)/32?
3, 5
Let i(c) be the third derivative of -17*c**6/40 - c**4/24 - c**2. Let r(d) = -30*d + 509. Let q be r(17). List the prime factors of i(q).
2, 13
Let h be (14/(-21))/(2/(-27)). Let j(z) = h*z - 4*z**3 - 4 - 5*z**2 + 3*z**3 + 3*z**3. List the prime factors of j(4).
2, 5
Let z(n) = -33*n + 92. Suppose 4*c - 17 + 101 = 5*v, 0 = -c + 3*v - 21. List the prime factors of z(c).
5, 157
Suppose 138*n = 1574180 + 2190535 - 715467. List the prime factors of n.
2, 1381
Let a = 322 - 522. Let l be ((-5)/(a/48))/(1/10). Let x(c) = -2*c**3 + 25*c**2 - 4*c + 10. List the prime factors of x(l).
2, 53
Let l(r) = 55*r**2 - 28*r + 209. What are the prime factors of l(10)?
61, 89
Let u(f) = -f**3 - 14*f**2 - 19*f - 1. Let s be u(-13). Suppose 10*i = -17 + s. What are the prime factors of i*5*(6/18 + 4)?
2, 5, 13
Suppose 8122 = 2*q + 4*j, 43*q + 16284 = 47*q - 2*j. What are the prime factors of q?
13, 313
Suppose -t - 3*y = -7077, 4*t = 7*t + 3*y - 21243. List the prime factors of t.
3, 787
Suppose -3*g - 12 = 0, 225820 = 33*s - 29*s + 5*g. What are the prime factors of s?
2, 3, 5, 941
What are the prime factors of 373035/105 - (-70)/98*4/10?
11, 17, 19
Let b(d) = -5*d + 53. Let t be b(12). Let x(c) = -4*c**3 - 16*c**2 + 3*c + 3. List the prime factors of x(t).
2, 3, 5, 19
Suppose -741 = -14*n + 9465. What are the prime factors of n?
3
Let i be ((-32)/(-6))/((-20)/210). Let p = -51 - i. Suppose -5*f + 286 = m, -4*f = p*m - 334 + 101. List the prime factors of f.
3, 19
Let v = 7 - -1. Suppose g + 1848 = v*g. What are the prime factors of g?
2, 3, 11
Suppose 0 = -21*g + 29*g - 24. Suppose 2*k + 2*o - 3822 + 1020 = 0, 5*k = g*o + 7029. What are the prime factors of k?
2, 3, 13
Let r(g) = -g**2 - g + 1. Let c(m) = 8*m**2 - 10*m + 5. Let l(n) = -2*c(n) - 14*r(n). What are the prime factors of l(14)?
2, 3, 5
Let f(b) = -2*b + 6. Let v be f(1). What are the prime factors of (2334/15)/(v/10)?
389
Suppose m = -t + 4*t - 3, -2*m = -5*t + 5. What are the prime factors of ((-864)/(-6) + 3 + t)/2?
2, 37
Suppose -3*v = 5*z - 2*v - 149, 2*v = -5*z + 148. Let n = z - 27. Suppose n*t - t = 54. List the prime factors of t.
3
Let v(f) = -f**2 + f - 1. Let k(y) = -5*y**2 + 5*y - 4. Let w be 38/(-95) - (-12)/5 - 4. Let r(h) = w*k(h) + 9*v(h). What are the prime factors of r(3)?
5
Let c = 5 + -13. Let n = -2111 - -2106. List the prime factors of (c - n) + (200 - -3).
2, 5
List the prime factors of ((-11580)/(-45))/(5/(2025/10)).
2, 3, 193
Let p = -2458 + 9008. List the prime factors of p.
2, 5, 131
Let q(z) = 412*z + 8. Let s be q(3). Suppose -4*r + s = 4*o, -2*r - r = -5*o - 949. What are the prime factors of r?
313
Let t be 7 + -2 - -3*(-7 - -6). What are the prime factors of (10468/(-8) + -4)*t/(-3)?
5, 7
Suppose -200554 = -34*h - 8*h + 209450. What are the prime factors of h?
2, 3, 1627
Suppose 0 = -12*o + 61 - 1. Suppose 3*l + 3*m + m = 38, -51 = -4*l - o*m. Suppose 19*y - l*y - 615 = 0. List the prime factors of y.
3, 41
Let y = -40 - -61. Suppose 5440 = -5*m + y*m. What are the prime factors of m?
2, 5, 17
Let h be (41/(-2) + -30 + 32)*-6. List the prime factors of ((-2422)/21)/(h/(-36) - -3).
2, 173
Suppose -17*u - 19 = -2. Let r(v) = -321*v - 10. What are the prime factors of r(u)?
311
Suppose -4*n + 3*w = -60478, -3543 = 2*n + 2*w - 33775. What are the prime factors of n?
2, 7559
Let a = -10907 - -6407. Let u be 8/(-2) - a/9. Suppose -u = -4*f - 120. What are the prime factors of f?
2, 47
Suppose -18*t + 4*x = -13*t - 91015, -t = -4*x - 18203. List the prime factors of t.
109, 167
Let t(j) = -112*j**3 - 5*j**2 - 7*j - 5. Suppose 3*s + 5*z - 4 = 0, -5*s - 20 = -0*s - 5*z. List the prime factors of t(s).
3, 5, 59
Suppose -4*h + 8 = -4*w, 0 = h + 2*h + w + 10. Let k = 148 - h. What are the prime factors of k?
2, 3, 5
Let x = 19444 - -574. List the prime factors of x.
2, 10009
Let o be (12 - 6)*(2 + 6). Let l = 71 - o. What are the prime factors of 65/4 + l/(-92)?
2
List the prime factors of -6*(((-40765)/30)/31 - 0).
263
Let y = 20548 - 13560. What are the prime factors of y?
2, 1747
Suppose 1 + 1 = b. Let o = -150 - -152. Suppose -o*t + b = -48. What are the prime factors of t?
5
Let y be (-1*3)/((-2)/(-86)). Suppose 61 = p - 167. Let s = p + y. What are the prime factors of s?
3, 11
Suppose 34 = 6*s + 16. Suppose -2*w - 1341 = -4*r - 7*w, -972 = -s*r + 3*w. List the prime factors of r.
7, 47
Suppose 14904 = 3*m - 2*m - 2*z, 3*m - 18*z = 44736. What are the prime factors of m?
2, 5, 149
List the prime factors of 7*120/112*2670.
3, 5, 89
Suppose -17*u + 6980 = -61564. What are the prime factors of u?
2, 3, 7
Let f = 68332 + -35107. What are the prime factors of f?
3, 5, 443
Let q = -323 - -326. Suppose 4*r + r + 4*o = 830, q*o = 0. What are the prime factors of r?
2, 83
Suppose -4*u + 1115 = -5*z, -5*u - 933 = -10*z + 14*z. List the prime factors of (52/91)/((-2)/(-7)) - z.
229
Let m be 448/84 - (-7)/(-3). What are the prime factors of (-6514)/(-6) - 5/m?
2, 271
Let n = -152 + 156. Suppose 876 + 476 = n*v. What are the prime factors of v?
2, 13
Let q(n) = -66028*n - 1449. What are the prime factors of q(-1)?
64579
Let x(g) = -g**3 + 7*g**2 - 14*g + 24. Let v be x(5). Suppose -2447 = -v*c + 1. List the prime factors of c.
2, 3, 17
What are the prime factors of ((-2494)/(-1204))/(2/(-312))*(1 - 15)?
2, 3, 13, 29
Let x(d) = d**3 + 2*d**2 + 9*d - 23. Let a(j) = -2*j - 3. Let g be a(-5). List the prime factors of x(g).
13, 37
Let f = 1599 - -1531. What are the prime factors of f?
2, 5, 313
Suppose 4 = -m + 3*p, 0*m + 16 = 2*m + 2*p. Suppose m*q = 6*q - 5. Suppose q*l - 35 = 465. What are the prime factors of l?
2, 5
Suppose 15*d = -461 + 146. What are the prime factors of 44/(-10)*(d - -6)?
2, 3, 11
Let t(m) = -38*m + 6. Suppose 0 = -0*z + z + 6*z. Suppose -4*y - 4 = z, 0 = 5*d + 3*y + y + 14. List the prime factors of t(d).
2, 41
Suppose 37*n = -5*n - 145*n + 5191868. What are the prime factors of n?
2, 11, 631
Suppose -8*k + 23355 = 3*o - 11*k, 3*k = -4*o + 31098. List the prime factors of o.
3, 2593
Let c(r) = r**3 + 9*r**2 + 15*r - 7. Let a be c(-6). Suppose 7 = -10*t + a*t + k, t + 1 = -5*k. Suppose -2*o + 269 = -t. What are the prime factors of o?
139
Suppose 940 = f + a, 15*a - 16*a = 3*f - 2830. Suppose -n = -3, -5*v - 3*n + f = 321. What are the prime factors of v?
3, 41
Let k = 5269 - -29330. List the prime factors of k.
3, 19, 607
Let f = -115 - -115. Suppose 267 = -f*l + l. List the prime factors of l.
3, 89
Let q = -15050 - -15116. List the prime factors of q.
2, 3, 11
Let l(j) = 3*j**3 - 10*j**2 + 13*j - 5. Let s be l(7). Suppose -459 = -8*b + 5*b - 4*d, -4*b = d -